{"id":157,"date":"2021-03-09T10:35:08","date_gmt":"2021-03-09T13:35:08","guid":{"rendered":"http:\/\/rr.senac.local\/?page_id=157"},"modified":"2024-10-16T09:57:47","modified_gmt":"2024-10-16T13:57:47","slug":"historia","status":"publish","type":"page","link":"https:\/\/www.rr.senac.br\/portalsenac\/institucional\/sobre-o-senac\/historia\/","title":{"rendered":"Hist\u00f3ria"},"content":{"rendered":"\n<div style=\"height:40px\" aria-hidden=\"true\" class=\"wp-block-spacer\"><\/div>\n\n\n\n<h4 class=\"wp-block-heading alignfull\"><strong><span style=\"color:#004c94\" class=\"has-inline-color\">O Senac RR<\/span><\/strong><\/h4>\n\n\n\n<p class=\"texto-justificado\"><em>&#8220;A Educa\u00e7\u00e3o \u00e9 a \u00fanica forma de transformarmos a nossa sociedade&#8221;. <\/em>Foi com este pensamento que o empres\u00e1rio Antonio Airton Oliveira Dias trouxe o Sistema Fecom\u00e9rcio\/Sesc\/Senac\/IFPD para Roraima.<\/p>\n\n\n\n<p class=\"texto-justificado\">Empreendedor nas \u00e1reas de capacita\u00e7\u00e3o profissional, educa\u00e7\u00e3o, cultura, esporte, lazer e sa\u00fade, ele implementou a Federa\u00e7\u00e3o do Com\u00e9rcio em abril de 1991, para fomentar o setor de Com\u00e9rcio de Bens, Servi\u00e7os e Turismo.<\/p>\n\n\n\n<p class=\"texto-justificado\">Assim, o<strong>&nbsp;Servi\u00e7o Nacional de Aprendizagem Comercial (Senac) foi fundado em Roraima, em 19 de janeiro de 1999<\/strong>. No in\u00edcio, a sua localiza\u00e7\u00e3o era em um pr\u00e9dio alugado na avenida Brigadeiro Eduardo Gomes, contando apenas com um sal\u00e3o de beleza-escola, uma cozinha pedag\u00f3gica, um laborat\u00f3rio de gar\u00e7om, um laborat\u00f3rio de sa\u00fade, dois laborat\u00f3rios de inform\u00e1tica e tr\u00eas salas de aula comuns. A capacidade de atendimento di\u00e1ria era de 525 pessoas.<\/p>\n\n\n\n<p class=\"texto-justificado\">Logo a institui\u00e7\u00e3o cresceu: em 2004 foi inaugurada a unidade localizada na avenida Major Williams, sob o nome de&nbsp;<strong>Centro de Educa\u00e7\u00e3o Profissional Ministro Ernane Galv\u00eaas<\/strong>.<\/p>\n\n\n\n<div style=\"height:20px\" aria-hidden=\"true\" class=\"wp-block-spacer\"><\/div>\n\n\n\n<p class=\"texto-justificado\">O pr\u00e9dio, moderno e amplo, recebeu uma demanda t\u00e3o grande que necessitou da abertura de outra unidade: em abril de 2010, o&nbsp;<strong>Centro de Educa\u00e7\u00e3o Profissional Bernardo Cabral<\/strong>&nbsp;iniciou as atividades. Localizado estrategicamente no bairro Asa Branca, ele atende \u00e0 popula\u00e7\u00e3o da zona oeste de Boa Vista, a maior da capital. A unidade foi reformada e reinaugurada em abril de 2021. <\/p>\n\n\n\n<div style=\"height:20px\" aria-hidden=\"true\" class=\"wp-block-spacer\"><\/div>\n\n\n\n<p class=\"texto-justificado has-black-color has-text-color\">Em 2013, apenas tr\u00eas anos depois, o <strong>Centro de Idiomas Paulo do Vale Pereira Filho<\/strong>, um dos melhores da categoria no Estado, gra\u00e7as a sua metodologia de imers\u00e3o. A escola \u00e9 tamb\u00e9m a \u00fanica da regi\u00e3o Norte com uma <strong>Esquina Americana<\/strong>, com t\u00edtulos atualizados cedidos pela Embaixada do pa\u00eds, al\u00e9m de aconselhamento educacional sobre como estudar nos Estados Unidos.<\/p>\n\n\n\n<div style=\"height:20px\" aria-hidden=\"true\" class=\"wp-block-spacer\"><\/div>\n\n\n\n<p class=\"texto-justificado\">Em 2014, foi a vez do Senac chegar ao interior de Roraima, atualmente com quatro unidades fixas nos munic\u00edpios de Rorain\u00f3polis, Iracema, S\u00e3o Jo\u00e3o da Baliza e S\u00e3o Luiz do Anau\u00e1.<\/p>\n\n\n\n<div style=\"height:20px\" aria-hidden=\"true\" class=\"wp-block-spacer\"><\/div>\n\n\n\n<p class=\"texto-justificado\">Airton Dias faleceu em 2016, ap\u00f3s 25 anos de muito trabalho no Sistema Fecom\u00e9rcio. Ademir dos Santos, que j\u00e1 exercia a presid\u00eancia da Federa\u00e7\u00e3o desde o in\u00edcio daquele ano, seguiu o sonho de contribuir para que o setor de Com\u00e9rcio local se desenvolvesse, por meio de cursos profissionalizantes e inser\u00e7\u00e3o no mercado.<\/p>\n\n\n\n<div style=\"height:20px\" aria-hidden=\"true\" class=\"wp-block-spacer\"><\/div>\n\n\n\n<p class=\"texto-justificado\">Ademir foi tesoureiro durante 16 anos na Federa\u00e7\u00e3o e vice-presidente do Sistema. No Senac, foi conselheiro com forte participa\u00e7\u00e3o nas delibera\u00e7\u00f5es. \u00c0 frente da Fecom\u00e9rcio, ele traz as suas viv\u00eancias como empres\u00e1rio atuante e sua vis\u00e3o moderna do varejo local.<\/p>\n\n\n\n<div style=\"height:20px\" aria-hidden=\"true\" class=\"wp-block-spacer\"><\/div>\n\n\n\n<p class=\"texto-justificado\">Hoje, o Senac tem mais de 180 cursos em aprendizagem, forma\u00e7\u00e3o inicial e continuada (cursos livres, de curta dura\u00e7\u00e3o), educa\u00e7\u00e3o profissional t\u00e9cnica de n\u00edvel m\u00e9dio, educa\u00e7\u00e3o superior e idiomas. Todos ensinados presencialmente ou \u00e0 dist\u00e2ncia, em plataforma pr\u00f3pria.<\/p>\n\n\n\n<div style=\"height:20px\" aria-hidden=\"true\" class=\"wp-block-spacer\"><\/div>\n\n\n\n<p class=\"texto-justificado\">Para as pessoas com baixa renda, \u00e9 poss\u00edvel estudar por meio do Programa Senac de Gratuidade (PSG), ofertado por meio de editais ao longo do ano, com em diferentes n\u00edveis de ensino.<\/p>\n\n\n\n<div style=\"height:20px\" aria-hidden=\"true\" class=\"wp-block-spacer\"><\/div>\n\n\n\n<p class=\"texto-justificado\">O Senac possui ainda centros de sa\u00fade e beleza com atendimentos dispon\u00edveis \u00e0 popula\u00e7\u00e3o, bem como programa\u00e7\u00f5es sociais, e Projetos Integradores de conclus\u00e3o de curso, que promovem a solidariedade e o bem-estar das comunidades do Estado. Seus processos seletivos para contrata\u00e7\u00e3o de funcion\u00e1rios s\u00e3o transparentes e com grande n\u00famero de inscri\u00e7\u00f5es.<\/p>\n\n\n\n<div style=\"height:20px\" aria-hidden=\"true\" class=\"wp-block-spacer\"><\/div>\n\n\n\n<p class=\"texto-justificado\">Com o <strong>Senac Com\u00e9rcio<\/strong>, \u00e9 a vez dos empres\u00e1rios terem cursos e palestras voltados \u00e0s tend\u00eancias do mercado, com a orienta\u00e7\u00e3o de profissionais renomados e atualizados. <\/p>\n\n\n\n<div style=\"height:20px\" aria-hidden=\"true\" class=\"wp-block-spacer\"><\/div>\n\n\n\n<p class=\"texto-justificado\">O <strong>Banco de Oportunidades<\/strong> auxilia os contratantes a captar talentos, integrando ex-alunos ao emprego dos sonhos. O Programa de Aprendizagem Comercial, direcionado a jovens de 14 a 24 anos sem experi\u00eancia, qualifica-os tanto com as melhores t\u00e9cnicas quanto com os valores pessoais essenciais para uma trajet\u00f3ria promissora e equilibrada. Muitos ex-alunos j\u00e1 est\u00e3o contratados, ou montaram os pr\u00f3prios empreendimentos a partir das li\u00e7\u00f5es do Senac.<\/p>\n\n\n\n<div style=\"height:20px\" aria-hidden=\"true\" class=\"wp-block-spacer\"><\/div>\n\n\n\n<p class=\"texto-justificado\">Todo este sucesso foi fruto da perseveran\u00e7a, do esp\u00edrito empreendedor e tamb\u00e9m da compet\u00eancia e da uni\u00e3o da equipe. Convivendo em um ambiente agrad\u00e1vel, a institui\u00e7\u00e3o diariamente tem o compromisso com a educa\u00e7\u00e3o para o desenvolvimento pessoal e profissional de milhares de jovens e adultos, sendo uma grande satisfa\u00e7\u00e3o acompanhar o sucesso de quem come\u00e7a a carreira nas suas salas de aula.<\/p>\n\n\n\n<h4 class=\"wp-block-heading alignfull\"><strong><span style=\"color:#004c94\" class=\"has-inline-color\">Nossas Unidades:&nbsp;<\/span><\/strong><\/h4>\n\n\n\n<h4 class=\"wp-block-heading alignfull\"><strong><span style=\"color:#004c94\" class=\"has-inline-color\">Capital:<\/span><\/strong><\/h4>\n\n\n\n<ul class=\"wp-block-list v has-small-font-size\">\n<li>Centro de Educa\u00e7\u00e3o Profissional Ernane Galv\u00eaas, que disp\u00f5e de um Centro Pedag\u00f3gico de Sa\u00fade;<\/li>\n\n\n\n<li>Centro de Educa\u00e7\u00e3o Profissional Bernardo Cabral;<\/li>\n\n\n\n<li>Centro de Idiomas Paulo do Vale Pereira Filho;<\/li>\n<\/ul>\n\n\n\n<h4 class=\"wp-block-heading alignfull\"><strong><span style=\"color:#004c94\" class=\"has-inline-color\">Interior do Estado:<\/span><\/strong><\/h4>\n\n\n\n<ul class=\"wp-block-list has-small-font-size\">\n<li>Unidade Senac Rorain\u00f3polis\/RR;<\/li>\n\n\n\n<li>Unidade Senac S\u00e3o Jo\u00e3o da Baliza\/RR;<\/li>\n\n\n\n<li>Unidade Senac S\u00e3o Luiz\/RR.<\/li>\n\n\n\n<li>Unidade Senac Iracema\/RR <\/li>\n<\/ul>\n\n\n\n<hr class=\"wp-block-separator has-text-color has-css-opacity has-background is-style-dots\" style=\"background-color:#b3b3b3;color:#b3b3b3\"\/>\n\n\n\n<div class=\"wp-block-columns is-layout-flex wp-container-core-columns-is-layout-9d6595d7 wp-block-columns-is-layout-flex\">\n<div class=\"wp-block-column is-layout-flow wp-block-column-is-layout-flow\">\n<p class=\"has-text-align-center has-white-color has-text-color has-background\" style=\"background-color:#16548f;font-size:13px;line-height:1.4\"><i class=\"fas fa-star\"><\/i> <strong>Miss\u00e3o<\/strong><br>\u201cEducar para o trabalho, de forma inovadora, e inclusiva,  em atividades do com\u00e9rcio de bens, servi\u00e7os e turismo\u201d.<\/p>\n<\/div>\n\n\n\n<div class=\"wp-block-column is-layout-flow wp-block-column-is-layout-flow\">\n<p class=\"has-text-align-center has-yellow-background-color has-background\" style=\"font-size:13px;line-height:1.4\"><i class=\"fas fa-star\"><\/i> <strong>Vis\u00e3o<\/strong><br>Transformar vidas e fortalecer o setor do com\u00e9rcio de bens, servi\u00e7os e turismo.<\/p>\n<\/div>\n\n\n\n<div class=\"wp-block-column is-layout-flow wp-block-column-is-layout-flow\">\n<p class=\"has-text-align-center has-white-color has-text-color has-background\" style=\"background-color:#f89633;font-size:13px;line-height:1.4\"><i class=\"fas fa-star\"><\/i> <strong>Valores<\/strong><br>&#8211; \u00c9tica e transpar\u00eancia;<br>&#8211; Diversidade;<br>&#8211; Inova\u00e7\u00e3o;<br>&#8211; Sustentabilidade, e<br>&#8211; Transforma\u00e7\u00e3o social. <\/p>\n<\/div>\n<\/div>\n\n\n\n<h4 class=\"wp-block-heading alignfull\"><strong>A Marca<\/strong><\/h4>\n\n\n\n<div style=\"width: 960px; height: 271px;\">\n<div style=\"width: 702px; height: 271px; display: block; margin-left: auto; margin-right: auto;\">\n<div style=\"float: left;\"><img decoding=\"async\" src=\"\/portalsenac\/wp-content\/uploads\/2021\/10\/bg.png\" alt=\"\" width=\"26\" height=\"271\"><\/div>\n<div style=\"float: left;\"><img fetchpriority=\"high\" decoding=\"async\" src=\"\/portalsenac\/wp-content\/uploads\/2021\/10\/bt_99.png\" alt=\"senac-1999\" width=\"216\" height=\"271\" onmouseover=\"this.src='\/portalsenac\/wp-content\/uploads\/2021\/10\/bt_99_select.png';\" onmouseout=\"this.src='\/portalsenac\/wp-content\/uploads\/2021\/10\/bt_99.png';\"><\/div>\n<div style=\"float: left;\"><img decoding=\"async\" src=\"\/portalsenac\/wp-content\/uploads\/2021\/10\/bt_2000.png\" alt=\"senac-2000\" width=\"221\" height=\"271\" onmouseover=\"this.src='\/portalsenac\/wp-content\/uploads\/2021\/10\/bt_2000_select.png';\" onmouseout=\"this.src='\/portalsenac\/wp-content\/uploads\/2021\/10\/bt_2000.png';\"><\/div>\n<div style=\"float: left;\"><img loading=\"lazy\" decoding=\"async\" src=\"\/portalsenac\/wp-content\/uploads\/2021\/10\/bt_13.png\" alt=\"\" width=\"215\" height=\"271\"><\/div>\n<div style=\"float: left;\"><img loading=\"lazy\" decoding=\"async\" src=\"\/portalsenac\/wp-content\/uploads\/2021\/10\/bg-05.png\" alt=\"\" width=\"24\" height=\"271\"><\/div>\n<\/div>\n<\/div>\n\n\n\n<div style=\"height:40px\" aria-hidden=\"true\" class=\"wp-block-spacer\"><\/div>\n\n\n\n<div style=\"height:40px\" aria-hidden=\"true\" class=\"wp-block-spacer\"><\/div>\n","protected":false},"excerpt":{"rendered":"<p>O Senac RR &#8220;A Educa\u00e7\u00e3o \u00e9 a \u00fanica forma de transformarmos a nossa sociedade&#8221;. Foi com este pensamento que o empres\u00e1rio Antonio Airton Oliveira Dias trouxe o Sistema Fecom\u00e9rcio\/Sesc\/Senac\/IFPD para Roraima. Empreendedor nas \u00e1reas de capacita\u00e7\u00e3o profissional, educa\u00e7\u00e3o, cultura, esporte, lazer e sa\u00fade, ele implementou&hellip; <a class=\"more-link\" href=\"https:\/\/www.rr.senac.br\/portalsenac\/institucional\/sobre-o-senac\/historia\/\">Continuar lendo <span class=\"screen-reader-text\">Hist\u00f3ria<\/span><\/a><\/p>\n","protected":false},"author":1,"featured_media":0,"parent":270,"menu_order":0,"comment_status":"closed","ping_status":"closed","template":"","meta":{"_joinchat":[],"footnotes":""},"class_list":["post-157","page","type-page","status-publish","hentry","entry"],"jetpack_sharing_enabled":true,"_links":{"self":[{"href":"https:\/\/www.rr.senac.br\/portalsenac\/wp-json\/wp\/v2\/pages\/157","targetHints":{"allow":["GET"]}}],"collection":[{"href":"https:\/\/www.rr.senac.br\/portalsenac\/wp-json\/wp\/v2\/pages"}],"about":[{"href":"https:\/\/www.rr.senac.br\/portalsenac\/wp-json\/wp\/v2\/types\/page"}],"author":[{"embeddable":true,"href":"https:\/\/www.rr.senac.br\/portalsenac\/wp-json\/wp\/v2\/users\/1"}],"replies":[{"embeddable":true,"href":"https:\/\/www.rr.senac.br\/portalsenac\/wp-json\/wp\/v2\/comments?post=157"}],"version-history":[{"count":7,"href":"https:\/\/www.rr.senac.br\/portalsenac\/wp-json\/wp\/v2\/pages\/157\/revisions"}],"predecessor-version":[{"id":7798,"href":"https:\/\/www.rr.senac.br\/portalsenac\/wp-json\/wp\/v2\/pages\/157\/revisions\/7798"}],"up":[{"embeddable":true,"href":"https:\/\/www.rr.senac.br\/portalsenac\/wp-json\/wp\/v2\/pages\/270"}],"wp:attachment":[{"href":"https:\/\/www.rr.senac.br\/portalsenac\/wp-json\/wp\/v2\/media?parent=157"}],"curies":[{"name":"wp","href":"https:\/\/api.w.org\/{rel}","templated":true}]}}

História

<div style="height:40px" aria-hidden="true" class="wp-block-spacer"></div>



<h4 class="wp-block-heading alignfull"><strong><span style="color:#004c94" class="has-inline-color">O Senac RR</span></strong></h4>



<p class="texto-justificado"><em>&#8220;A Educação é a única forma de transformarmos a nossa sociedade&#8221;. </em>Foi com este pensamento que o empresário Antonio Airton Oliveira Dias trouxe o Sistema Fecomércio/Sesc/Senac/IFPD para Roraima.</p>



<p class="texto-justificado">Empreendedor nas áreas de capacitação profissional, educação, cultura, esporte, lazer e saúde, ele implementou a Federação do Comércio em abril de 1991, para fomentar o setor de Comércio de Bens, Serviços e Turismo.</p>



<p class="texto-justificado">Assim, o<strong>&nbsp;Serviço Nacional de Aprendizagem Comercial (Senac) foi fundado em Roraima, em 19 de janeiro de 1999</strong>. No início, a sua localização era em um prédio alugado na avenida Brigadeiro Eduardo Gomes, contando apenas com um salão de beleza-escola, uma cozinha pedagógica, um laboratório de garçom, um laboratório de saúde, dois laboratórios de informática e três salas de aula comuns. A capacidade de atendimento diária era de 525 pessoas.</p>



<p class="texto-justificado">Logo a instituição cresceu: em 2004 foi inaugurada a unidade localizada na avenida Major Williams, sob o nome de&nbsp;<strong>Centro de Educação Profissional Ministro Ernane Galvêas</strong>.</p>



<div style="height:20px" aria-hidden="true" class="wp-block-spacer"></div>



<p class="texto-justificado">O prédio, moderno e amplo, recebeu uma demanda tão grande que necessitou da abertura de outra unidade: em abril de 2010, o&nbsp;<strong>Centro de Educação Profissional Bernardo Cabral</strong>&nbsp;iniciou as atividades. Localizado estrategicamente no bairro Asa Branca, ele atende à população da zona oeste de Boa Vista, a maior da capital. A unidade foi reformada e reinaugurada em abril de 2021. </p>



<div style="height:20px" aria-hidden="true" class="wp-block-spacer"></div>



<p class="texto-justificado has-black-color has-text-color">Em 2013, apenas três anos depois, o <strong>Centro de Idiomas Paulo do Vale Pereira Filho</strong>, um dos melhores da categoria no Estado, graças a sua metodologia de imersão. A escola é também a única da região Norte com uma <strong>Esquina Americana</strong>, com títulos atualizados cedidos pela Embaixada do país, além de aconselhamento educacional sobre como estudar nos Estados Unidos.</p>



<div style="height:20px" aria-hidden="true" class="wp-block-spacer"></div>



<p class="texto-justificado">Em 2014, foi a vez do Senac chegar ao interior de Roraima, atualmente com quatro unidades fixas nos municípios de Rorainópolis, Iracema, São João da Baliza e São Luiz do Anauá.</p>



<div style="height:20px" aria-hidden="true" class="wp-block-spacer"></div>



<p class="texto-justificado">Airton Dias faleceu em 2016, após 25 anos de muito trabalho no Sistema Fecomércio. Ademir dos Santos, que já exercia a presidência da Federação desde o início daquele ano, seguiu o sonho de contribuir para que o setor de Comércio local se desenvolvesse, por meio de cursos profissionalizantes e inserção no mercado.</p>



<div style="height:20px" aria-hidden="true" class="wp-block-spacer"></div>



<p class="texto-justificado">Ademir foi tesoureiro durante 16 anos na Federação e vice-presidente do Sistema. No Senac, foi conselheiro com forte participação nas deliberações. À frente da Fecomércio, ele traz as suas vivências como empresário atuante e sua visão moderna do varejo local.</p>



<div style="height:20px" aria-hidden="true" class="wp-block-spacer"></div>



<p class="texto-justificado">Hoje, o Senac tem mais de 180 cursos em aprendizagem, formação inicial e continuada (cursos livres, de curta duração), educação profissional técnica de nível médio, educação superior e idiomas. Todos ensinados presencialmente ou à distância, em plataforma própria.</p>



<div style="height:20px" aria-hidden="true" class="wp-block-spacer"></div>



<p class="texto-justificado">Para as pessoas com baixa renda, é possível estudar por meio do Programa Senac de Gratuidade (PSG), ofertado por meio de editais ao longo do ano, com em diferentes níveis de ensino.</p>



<div style="height:20px" aria-hidden="true" class="wp-block-spacer"></div>



<p class="texto-justificado">O Senac possui ainda centros de saúde e beleza com atendimentos disponíveis à população, bem como programações sociais, e Projetos Integradores de conclusão de curso, que promovem a solidariedade e o bem-estar das comunidades do Estado. Seus processos seletivos para contratação de funcionários são transparentes e com grande número de inscrições.</p>



<div style="height:20px" aria-hidden="true" class="wp-block-spacer"></div>



<p class="texto-justificado">Com o <strong>Senac Comércio</strong>, é a vez dos empresários terem cursos e palestras voltados às tendências do mercado, com a orientação de profissionais renomados e atualizados. </p>



<div style="height:20px" aria-hidden="true" class="wp-block-spacer"></div>



<p class="texto-justificado">O <strong>Banco de Oportunidades</strong> auxilia os contratantes a captar talentos, integrando ex-alunos ao emprego dos sonhos. O Programa de Aprendizagem Comercial, direcionado a jovens de 14 a 24 anos sem experiência, qualifica-os tanto com as melhores técnicas quanto com os valores pessoais essenciais para uma trajetória promissora e equilibrada. Muitos ex-alunos já estão contratados, ou montaram os próprios empreendimentos a partir das lições do Senac.</p>



<div style="height:20px" aria-hidden="true" class="wp-block-spacer"></div>



<p class="texto-justificado">Todo este sucesso foi fruto da perseverança, do espírito empreendedor e também da competência e da união da equipe. Convivendo em um ambiente agradável, a instituição diariamente tem o compromisso com a educação para o desenvolvimento pessoal e profissional de milhares de jovens e adultos, sendo uma grande satisfação acompanhar o sucesso de quem começa a carreira nas suas salas de aula.</p>



<h4 class="wp-block-heading alignfull"><strong><span style="color:#004c94" class="has-inline-color">Nossas Unidades:&nbsp;</span></strong></h4>



<h4 class="wp-block-heading alignfull"><strong><span style="color:#004c94" class="has-inline-color">Capital:</span></strong></h4>



<ul class="wp-block-list v has-small-font-size">
<li>Centro de Educação Profissional Ernane Galvêas, que dispõe de um Centro Pedagógico de Saúde;</li>



<li>Centro de Educação Profissional Bernardo Cabral;</li>



<li>Centro de Idiomas Paulo do Vale Pereira Filho;</li>
</ul>



<h4 class="wp-block-heading alignfull"><strong><span style="color:#004c94" class="has-inline-color">Interior do Estado:</span></strong></h4>



<ul class="wp-block-list has-small-font-size">
<li>Unidade Senac Rorainópolis/RR;</li>



<li>Unidade Senac São João da Baliza/RR;</li>



<li>Unidade Senac São Luiz/RR.</li>



<li>Unidade Senac Iracema/RR </li>
</ul>



<hr class="wp-block-separator has-text-color has-css-opacity has-background is-style-dots" style="background-color:#b3b3b3;color:#b3b3b3"/>



<div class="wp-block-columns is-layout-flex wp-container-core-columns-is-layout-9d6595d7 wp-block-columns-is-layout-flex">
<div class="wp-block-column is-layout-flow wp-block-column-is-layout-flow">
<p class="has-text-align-center has-white-color has-text-color has-background" style="background-color:#16548f;font-size:13px;line-height:1.4"><i class="fas fa-star"></i> <strong>Missão</strong><br>“Educar para o trabalho, de forma inovadora, e inclusiva,  em atividades do comércio de bens, serviços e turismo”.</p>
</div>



<div class="wp-block-column is-layout-flow wp-block-column-is-layout-flow">
<p class="has-text-align-center has-yellow-background-color has-background" style="font-size:13px;line-height:1.4"><i class="fas fa-star"></i> <strong>Visão</strong><br>Transformar vidas e fortalecer o setor do comércio de bens, serviços e turismo.</p>
</div>



<div class="wp-block-column is-layout-flow wp-block-column-is-layout-flow">
<p class="has-text-align-center has-white-color has-text-color has-background" style="background-color:#f89633;font-size:13px;line-height:1.4"><i class="fas fa-star"></i> <strong>Valores</strong><br>&#8211; Ética e transparência;<br>&#8211; Diversidade;<br>&#8211; Inovação;<br>&#8211; Sustentabilidade, e<br>&#8211; Transformação social. </p>
</div>
</div>



<h4 class="wp-block-heading alignfull"><strong>A Marca</strong></h4>



<div style="width: 960px; height: 271px;">
<div style="width: 702px; height: 271px; display: block; margin-left: auto; margin-right: auto;">
<div style="float: left;"><img decoding="async" src="/portalsenac/wp-content/uploads/2021/10/bg.png" alt="" width="26" height="271"></div>
<div style="float: left;"><img fetchpriority="high" decoding="async" src="/portalsenac/wp-content/uploads/2021/10/bt_99.png" alt="senac-1999" width="216" height="271" onmouseover="this.src='/portalsenac/wp-content/uploads/2021/10/bt_99_select.png';" onmouseout="this.src='/portalsenac/wp-content/uploads/2021/10/bt_99.png';"></div>
<div style="float: left;"><img decoding="async" src="/portalsenac/wp-content/uploads/2021/10/bt_2000.png" alt="senac-2000" width="221" height="271" onmouseover="this.src='/portalsenac/wp-content/uploads/2021/10/bt_2000_select.png';" onmouseout="this.src='/portalsenac/wp-content/uploads/2021/10/bt_2000.png';"></div>
<div style="float: left;"><img loading="lazy" decoding="async" src="/portalsenac/wp-content/uploads/2021/10/bt_13.png" alt="" width="215" height="271"></div>
<div style="float: left;"><img loading="lazy" decoding="async" src="/portalsenac/wp-content/uploads/2021/10/bg-05.png" alt="" width="24" height="271"></div>
</div>
</div>



<div style="height:40px" aria-hidden="true" class="wp-block-spacer"></div>



<div style="height:40px" aria-hidden="true" class="wp-block-spacer"></div>

<p>O Senac RR &#8220;A Educação é a única forma de transformarmos a nossa sociedade&#8221;. Foi com este pensamento que o empresário Antonio Airton Oliveira Dias trouxe o Sistema Fecomércio/Sesc/Senac/IFPD para Roraima. Empreendedor nas áreas de capacitação profissional, educação, cultura, esporte, lazer e saúde, ele implementou&hellip; <a class="more-link" href="https://www.rr.senac.br/portalsenac/institucional/sobre-o-senac/historia/">Continuar lendo <span class="screen-reader-text">História</span></a></p>
