{"id":213,"date":"2021-03-09T17:44:52","date_gmt":"2021-03-09T20:44:52","guid":{"rendered":"http:\/\/rr.senac.local\/?page_id=213"},"modified":"2023-06-22T16:23:48","modified_gmt":"2023-06-22T19:23:48","slug":"senac-senior","status":"publish","type":"page","link":"https:\/\/www.rr.senac.br\/portalsenac\/senac-senior\/","title":{"rendered":"Senac Senior"},"content":{"rendered":"\n<div style=\"height:40px\" aria-hidden=\"true\" class=\"wp-block-spacer\"><\/div>\n\n\n\n<p class=\"texto-justificado has-small-font-size\">A popula\u00e7\u00e3o brasileira est\u00e1 vivendo um processo acentuado de envelhecimento. Segundo o IBGE (Instituto Brasileiro de Geografia e Estat\u00edsticas), o Brasil possui mais de 20 milh\u00f5es de idosos. Em conson\u00e2ncia com essa realidade e diretriz de Promo\u00e7\u00e3o Social do Senac, o Projeto Senac S\u00eanior, tem como foco o desenvolvimento de a\u00e7\u00f5es voltadas \u00e0 popula\u00e7\u00e3o idosa e profissionais envolvidos no trabalho realizado com esse p\u00fablico.<\/p>\n\n\n\n<p class=\"texto-justificado has-small-font-size\"><br>As a\u00e7\u00f5es do Projeto Senac S\u00eanior se d\u00e3o em duas linhas: capacita\u00e7\u00e3o de profissionais que atuam com idosos, atrav\u00e9s da promo\u00e7\u00e3o de cursos, semin\u00e1rios , entre outros; e a realiza\u00e7\u00e3o de oficinas nas \u00e1reas de atua\u00e7\u00e3o do Senac, com a popula\u00e7\u00e3o idosa, promovendo a inclus\u00e3o e contribuindo para o envelhecimento bem sucedido.<\/p>\n\n\n\n<h4 class=\"alignfull wp-block-heading\">Entre algumas a\u00e7\u00f5es podemos citar: &nbsp;<\/h4>\n\n\n\n<ul class=\"has-small-font-size wp-block-list\"><li>Oficina de Alfabetiza\u00e7\u00e3o Digital;<\/li><li>Oficina Culin\u00e1ria Saud\u00e1vel para a Terceira Idade;<\/li><li>Oficina Pintura em Tecido, entre outras.<\/li><\/ul>\n\n\n\n<p><\/p>\n","protected":false},"excerpt":{"rendered":"<p>A popula\u00e7\u00e3o brasileira est\u00e1 vivendo um processo acentuado de envelhecimento. Segundo o IBGE (Instituto Brasileiro de Geografia e Estat\u00edsticas), o Brasil possui mais de 20 milh\u00f5es de idosos. Em conson\u00e2ncia com essa realidade e diretriz de Promo\u00e7\u00e3o Social do Senac, o Projeto Senac S\u00eanior, tem&hellip; <a class=\"more-link\" href=\"https:\/\/www.rr.senac.br\/portalsenac\/senac-senior\/\">Continuar lendo <span class=\"screen-reader-text\">Senac Senior<\/span><\/a><\/p>\n","protected":false},"author":1,"featured_media":0,"parent":0,"menu_order":0,"comment_status":"closed","ping_status":"closed","template":"","meta":{"_joinchat":[],"footnotes":""},"class_list":["post-213","page","type-page","status-publish","hentry","entry"],"jetpack_sharing_enabled":true,"_links":{"self":[{"href":"https:\/\/www.rr.senac.br\/portalsenac\/wp-json\/wp\/v2\/pages\/213","targetHints":{"allow":["GET"]}}],"collection":[{"href":"https:\/\/www.rr.senac.br\/portalsenac\/wp-json\/wp\/v2\/pages"}],"about":[{"href":"https:\/\/www.rr.senac.br\/portalsenac\/wp-json\/wp\/v2\/types\/page"}],"author":[{"embeddable":true,"href":"https:\/\/www.rr.senac.br\/portalsenac\/wp-json\/wp\/v2\/users\/1"}],"replies":[{"embeddable":true,"href":"https:\/\/www.rr.senac.br\/portalsenac\/wp-json\/wp\/v2\/comments?post=213"}],"version-history":[{"count":0,"href":"https:\/\/www.rr.senac.br\/portalsenac\/wp-json\/wp\/v2\/pages\/213\/revisions"}],"wp:attachment":[{"href":"https:\/\/www.rr.senac.br\/portalsenac\/wp-json\/wp\/v2\/media?parent=213"}],"curies":[{"name":"wp","href":"https:\/\/api.w.org\/{rel}","templated":true}]}}