{"id":2281,"date":"2021-12-01T10:56:54","date_gmt":"2021-12-01T13:56:54","guid":{"rendered":"https:\/\/www.rr.senac.br\/portalsenac\/?page_id=2281"},"modified":"2024-11-14T14:57:31","modified_gmt":"2024-11-14T18:57:31","slug":"editais-de-doacao","status":"publish","type":"page","link":"https:\/\/www.rr.senac.br\/portalsenac\/editais-de-doacao\/","title":{"rendered":"Editais de Doa\u00e7\u00e3o"},"content":{"rendered":"\t\t<div data-elementor-type=\"wp-page\" data-elementor-id=\"2281\" class=\"elementor elementor-2281\" data-elementor-post-type=\"page\">\n\t\t\t\t\t\t<section class=\"elementor-section elementor-top-section elementor-element elementor-element-cb6ad53 elementor-section-full_width elementor-section-height-default elementor-section-height-default\" data-id=\"cb6ad53\" data-element_type=\"section\">\n\t\t\t\t\t\t<div class=\"elementor-container elementor-column-gap-no\">\n\t\t\t\t\t<div class=\"elementor-column elementor-col-100 elementor-top-column elementor-element elementor-element-27150fc\" data-id=\"27150fc\" data-element_type=\"column\">\n\t\t\t<div class=\"elementor-widget-wrap elementor-element-populated\">\n\t\t\t\t\t\t<div class=\"elementor-element elementor-element-3b3cda0 elementor-widget elementor-widget-spacer\" data-id=\"3b3cda0\" data-element_type=\"widget\" data-widget_type=\"spacer.default\">\n\t\t\t\t<div class=\"elementor-widget-container\">\n\t\t\t\t\t\t\t<div class=\"elementor-spacer\">\n\t\t\t<div class=\"elementor-spacer-inner\"><\/div>\n\t\t<\/div>\n\t\t\t\t\t\t<\/div>\n\t\t\t\t<\/div>\n\t\t\t\t<div class=\"elementor-element elementor-element-5e3fcee elementor-grid-1 elementor-posts--thumbnail-none elementor-grid-tablet-2 elementor-grid-mobile-1 elementor-card-shadow-yes elementor-posts__hover-gradient elementor-widget elementor-widget-posts\" data-id=\"5e3fcee\" data-element_type=\"widget\" data-settings=\"{&quot;cards_columns&quot;:&quot;1&quot;,&quot;pagination_type&quot;:&quot;numbers&quot;,&quot;cards_columns_tablet&quot;:&quot;2&quot;,&quot;cards_columns_mobile&quot;:&quot;1&quot;,&quot;cards_row_gap&quot;:{&quot;unit&quot;:&quot;px&quot;,&quot;size&quot;:35,&quot;sizes&quot;:[]},&quot;cards_row_gap_tablet&quot;:{&quot;unit&quot;:&quot;px&quot;,&quot;size&quot;:&quot;&quot;,&quot;sizes&quot;:[]},&quot;cards_row_gap_mobile&quot;:{&quot;unit&quot;:&quot;px&quot;,&quot;size&quot;:&quot;&quot;,&quot;sizes&quot;:[]}}\" data-widget_type=\"posts.cards\">\n\t\t\t\t<div class=\"elementor-widget-container\">\n\t\t\t\t\t\t\t<div class=\"elementor-posts-container elementor-posts elementor-posts--skin-cards elementor-grid\" role=\"list\">\n\t\t\t\t<article class=\"elementor-post elementor-grid-item post-9295 post type-post status-publish format-standard hentry category-editais-de-doacoes entry\" role=\"listitem\">\n\t\t\t<div class=\"elementor-post__card\">\n\t\t\t\t<div class=\"elementor-post__text\">\n\t\t\t\t<h2 class=\"elementor-post__title\">\n\t\t\t<a href=\"https:\/\/www.rr.senac.br\/portalsenac\/edital-de-doacao-de-bens-n-001-2026\/\" >\n\t\t\t\tEdital de doa\u00e7\u00e3o de bens N\u00b0 001\/2026\t\t\t<\/a>\n\t\t<\/h2>\n\t\t\t\t<div class=\"elementor-post__excerpt\">\n\t\t\t<p>O SERVI\u00c7O NACIONAL DE APRENDIZAGEM COMERCIAL \u2013 Constitui objeto do presente Edital, a doa\u00e7\u00e3o de bens patrimoniais classificados como inserv\u00edveis e\/ou antiecon\u00f4mico, conforme rela\u00e7\u00e3o constante no ANEXO IV, organizados em lotes, conforme c\u00f3digo de contabilidade e or\u00e7amento (CODECO, 2025).. Poder\u00e3o participar do certame, quaisquer entidades<\/p>\n\t\t<\/div>\n\t\t\n\t\t<a class=\"elementor-post__read-more\" href=\"https:\/\/www.rr.senac.br\/portalsenac\/edital-de-doacao-de-bens-n-001-2026\/\" aria-label=\"Leia mais sobre Edital de doa\u00e7\u00e3o de bens N\u00b0 001\/2026\" tabindex=\"-1\" >\n\t\t\tLeias mais...\t\t<\/a>\n\n\t\t\t\t<\/div>\n\t\t\t\t<div class=\"elementor-post__meta-data\">\n\t\t\t\t\t<span class=\"elementor-post-date\">\n\t\t\t14 de abril de 2026\t\t<\/span>\n\t\t\t\t<\/div>\n\t\t\t\t\t<\/div>\n\t\t<\/article>\n\t\t\t\t<article class=\"elementor-post elementor-grid-item post-7893 post type-post status-publish format-standard hentry category-editais-de-doacoes entry\" role=\"listitem\">\n\t\t\t<div class=\"elementor-post__card\">\n\t\t\t\t<div class=\"elementor-post__text\">\n\t\t\t\t<h2 class=\"elementor-post__title\">\n\t\t\t<a href=\"https:\/\/www.rr.senac.br\/portalsenac\/edital-de-doacao-de-bens-n-001-2024\/\" >\n\t\t\t\tEdital de doa\u00e7\u00e3o de bens N\u00b0 001\/2024\t\t\t<\/a>\n\t\t<\/h2>\n\t\t\t\t<div class=\"elementor-post__excerpt\">\n\t\t\t<p>O SERVI\u00c7O NACIONAL DE APRENDIZAGEM COMERCIAL \u2013 Objeto deste Edital, a DOA\u00c7\u00c3O DE BENS INSERV\u00cdVEIS, conforme descrito no Anexo IV. Poder\u00e3o participar do certame, quaisquer entidades sem fins lucrativos, organiza\u00e7\u00f5es governamentais e n\u00e3o-governamentais, entidades filantr\u00f3picas ou de assist\u00eancia social, e que atendam \u00e0s condi\u00e7\u00f5es estabelecidas<\/p>\n\t\t<\/div>\n\t\t\n\t\t<a class=\"elementor-post__read-more\" href=\"https:\/\/www.rr.senac.br\/portalsenac\/edital-de-doacao-de-bens-n-001-2024\/\" aria-label=\"Leia mais sobre Edital de doa\u00e7\u00e3o de bens N\u00b0 001\/2024\" tabindex=\"-1\" >\n\t\t\tLeias mais...\t\t<\/a>\n\n\t\t\t\t<\/div>\n\t\t\t\t<div class=\"elementor-post__meta-data\">\n\t\t\t\t\t<span class=\"elementor-post-date\">\n\t\t\t14 de novembro de 2024\t\t<\/span>\n\t\t\t\t<\/div>\n\t\t\t\t\t<\/div>\n\t\t<\/article>\n\t\t\t\t<article class=\"elementor-post elementor-grid-item post-6312 post type-post status-publish format-standard hentry category-editais-de-doacoes entry\" role=\"listitem\">\n\t\t\t<div class=\"elementor-post__card\">\n\t\t\t\t<div class=\"elementor-post__text\">\n\t\t\t\t<h2 class=\"elementor-post__title\">\n\t\t\t<a href=\"https:\/\/www.rr.senac.br\/portalsenac\/edital-de-doacao-de-bens-n-001-2023\/\" >\n\t\t\t\tEdital de doa\u00e7\u00e3o de bens N\u00b0 001\/2023\t\t\t<\/a>\n\t\t<\/h2>\n\t\t\t\t<div class=\"elementor-post__excerpt\">\n\t\t\t<p>O SERVI\u00c7O NACIONAL DE APRENDIZAGEM COMERCIAL \u2013 Objeto deste Edital, a DOA\u00c7\u00c3O DE BENS INSERV\u00cdVEIS, conforme descrito no Anexo IV. Poder\u00e3o participar do certame, quaisquer entidades sem fins lucrativos, organiza\u00e7\u00f5es governamentais e n\u00e3o-governamentais, entidades filantr\u00f3picas ou de assist\u00eancia social, e que atendam \u00e0s condi\u00e7\u00f5es estabelecidas<\/p>\n\t\t<\/div>\n\t\t\n\t\t<a class=\"elementor-post__read-more\" href=\"https:\/\/www.rr.senac.br\/portalsenac\/edital-de-doacao-de-bens-n-001-2023\/\" aria-label=\"Leia mais sobre Edital de doa\u00e7\u00e3o de bens N\u00b0 001\/2023\" tabindex=\"-1\" >\n\t\t\tLeias mais...\t\t<\/a>\n\n\t\t\t\t<\/div>\n\t\t\t\t<div class=\"elementor-post__meta-data\">\n\t\t\t\t\t<span class=\"elementor-post-date\">\n\t\t\t3 de outubro de 2023\t\t<\/span>\n\t\t\t\t<\/div>\n\t\t\t\t\t<\/div>\n\t\t<\/article>\n\t\t\t\t<article class=\"elementor-post elementor-grid-item post-4348 post type-post status-publish format-standard hentry category-editais-de-doacoes entry\" role=\"listitem\">\n\t\t\t<div class=\"elementor-post__card\">\n\t\t\t\t<div class=\"elementor-post__text\">\n\t\t\t\t<h2 class=\"elementor-post__title\">\n\t\t\t<a href=\"https:\/\/www.rr.senac.br\/portalsenac\/edital-de-doacao-de-bens-n-005-2022\/\" >\n\t\t\t\tEdital de doa\u00e7\u00e3o de bens N\u00b0 005\/2022\t\t\t<\/a>\n\t\t<\/h2>\n\t\t\t\t<div class=\"elementor-post__excerpt\">\n\t\t\t<p>O SERVI\u00c7O NACIONAL DE APRENDIZAGEM COMERCIAL \u2013 Objeto deste Edital, a DOA\u00c7\u00c3O DE BENS INSERV\u00cdVEIS, conforme descrito no Anexo IV. Poder\u00e3o participar do certame, quaisquer entidades sem fins lucrativos, organiza\u00e7\u00f5es governamentais e n\u00e3o-governamentais, entidades filantr\u00f3picas ou de assist\u00eancia social, e que atendam \u00e0s condi\u00e7\u00f5es estabelecidas<\/p>\n\t\t<\/div>\n\t\t\n\t\t<a class=\"elementor-post__read-more\" href=\"https:\/\/www.rr.senac.br\/portalsenac\/edital-de-doacao-de-bens-n-005-2022\/\" aria-label=\"Leia mais sobre Edital de doa\u00e7\u00e3o de bens N\u00b0 005\/2022\" tabindex=\"-1\" >\n\t\t\tLeias mais...\t\t<\/a>\n\n\t\t\t\t<\/div>\n\t\t\t\t<div class=\"elementor-post__meta-data\">\n\t\t\t\t\t<span class=\"elementor-post-date\">\n\t\t\t18 de novembro de 2022\t\t<\/span>\n\t\t\t\t<\/div>\n\t\t\t\t\t<\/div>\n\t\t<\/article>\n\t\t\t\t<article class=\"elementor-post elementor-grid-item post-2300 post type-post status-publish format-standard hentry category-editais-de-doacoes entry\" role=\"listitem\">\n\t\t\t<div class=\"elementor-post__card\">\n\t\t\t\t<div class=\"elementor-post__text\">\n\t\t\t\t<h2 class=\"elementor-post__title\">\n\t\t\t<a href=\"https:\/\/www.rr.senac.br\/portalsenac\/edital-de-doacao-de-bens-n-012-2021\/\" >\n\t\t\t\tEdital de doa\u00e7\u00e3o de bens N\u00b0 012\/2021\t\t\t<\/a>\n\t\t<\/h2>\n\t\t\t\t<div class=\"elementor-post__excerpt\">\n\t\t\t<p>O SERVI\u00c7O NACIONAL DE APRENDIZAGEM COMERCIAL \u2013 Objeto deste Edital, a DOA\u00c7\u00c3O DE BENS INSERV\u00cdVEIS, conforme descrito no Anexo IV. Poder\u00e3o participar do certame, quaisquer entidades sem fins lucrativos, organiza\u00e7\u00f5es governamentais e n\u00e3o-governamentais, entidades filantr\u00f3picas ou de assist\u00eancia social, e que atendam \u00e0s condi\u00e7\u00f5es estabelecidas<\/p>\n\t\t<\/div>\n\t\t\n\t\t<a class=\"elementor-post__read-more\" href=\"https:\/\/www.rr.senac.br\/portalsenac\/edital-de-doacao-de-bens-n-012-2021\/\" aria-label=\"Leia mais sobre Edital de doa\u00e7\u00e3o de bens N\u00b0 012\/2021\" tabindex=\"-1\" >\n\t\t\tLeias mais...\t\t<\/a>\n\n\t\t\t\t<\/div>\n\t\t\t\t<div class=\"elementor-post__meta-data\">\n\t\t\t\t\t<span class=\"elementor-post-date\">\n\t\t\t1 de dezembro de 2021\t\t<\/span>\n\t\t\t\t<\/div>\n\t\t\t\t\t<\/div>\n\t\t<\/article>\n\t\t\t\t<article class=\"elementor-post elementor-grid-item post-2285 post type-post status-publish format-standard hentry category-editais-de-doacoes entry\" role=\"listitem\">\n\t\t\t<div class=\"elementor-post__card\">\n\t\t\t\t<div class=\"elementor-post__text\">\n\t\t\t\t<h2 class=\"elementor-post__title\">\n\t\t\t<a href=\"https:\/\/www.rr.senac.br\/portalsenac\/edital-de-doacao-de-bens-n-007-2021\/\" >\n\t\t\t\tEdital de doa\u00e7\u00e3o de bens N\u00b0 007\/2021\t\t\t<\/a>\n\t\t<\/h2>\n\t\t\t\t<div class=\"elementor-post__excerpt\">\n\t\t\t<p>O SERVI\u00c7O NACIONAL DE APRENDIZAGEM COMERCIAL \u2013 Objeto deste Edital, a DOA\u00c7\u00c3O DE BENS INSERV\u00cdVEIS, conforme descrito no Anexo IV. Poder\u00e3o participar do certame, quaisquer entidades sem fins lucrativos, organiza\u00e7\u00f5es governamentais e n\u00e3o-governamentais, entidades filantr\u00f3picas ou de assist\u00eancia social, e que atendam \u00e0s condi\u00e7\u00f5es estabelecidas<\/p>\n\t\t<\/div>\n\t\t\n\t\t<a class=\"elementor-post__read-more\" href=\"https:\/\/www.rr.senac.br\/portalsenac\/edital-de-doacao-de-bens-n-007-2021\/\" aria-label=\"Leia mais sobre Edital de doa\u00e7\u00e3o de bens N\u00b0 007\/2021\" tabindex=\"-1\" >\n\t\t\tLeias mais...\t\t<\/a>\n\n\t\t\t\t<\/div>\n\t\t\t\t<div class=\"elementor-post__meta-data\">\n\t\t\t\t\t<span class=\"elementor-post-date\">\n\t\t\t1 de dezembro de 2021\t\t<\/span>\n\t\t\t\t<\/div>\n\t\t\t\t\t<\/div>\n\t\t<\/article>\n\t\t\t\t<\/div>\n\t\t\n\t\t\t\t\t\t<\/div>\n\t\t\t\t<\/div>\n\t\t\t\t\t<\/div>\n\t\t<\/div>\n\t\t\t\t\t<\/div>\n\t\t<\/section>\n\t\t\t\t<\/div>\n\t\t","protected":false},"excerpt":{"rendered":"","protected":false},"author":4,"featured_media":0,"parent":0,"menu_order":0,"comment_status":"closed","ping_status":"closed","template":"elementor_theme","meta":{"_joinchat":[],"footnotes":""},"class_list":["post-2281","page","type-page","status-publish","hentry","entry"],"jetpack_sharing_enabled":true,"_links":{"self":[{"href":"https:\/\/www.rr.senac.br\/portalsenac\/wp-json\/wp\/v2\/pages\/2281","targetHints":{"allow":["GET"]}}],"collection":[{"href":"https:\/\/www.rr.senac.br\/portalsenac\/wp-json\/wp\/v2\/pages"}],"about":[{"href":"https:\/\/www.rr.senac.br\/portalsenac\/wp-json\/wp\/v2\/types\/page"}],"author":[{"embeddable":true,"href":"https:\/\/www.rr.senac.br\/portalsenac\/wp-json\/wp\/v2\/users\/4"}],"replies":[{"embeddable":true,"href":"https:\/\/www.rr.senac.br\/portalsenac\/wp-json\/wp\/v2\/comments?post=2281"}],"version-history":[{"count":1,"href":"https:\/\/www.rr.senac.br\/portalsenac\/wp-json\/wp\/v2\/pages\/2281\/revisions"}],"predecessor-version":[{"id":7898,"href":"https:\/\/www.rr.senac.br\/portalsenac\/wp-json\/wp\/v2\/pages\/2281\/revisions\/7898"}],"wp:attachment":[{"href":"https:\/\/www.rr.senac.br\/portalsenac\/wp-json\/wp\/v2\/media?parent=2281"}],"curies":[{"name":"wp","href":"https:\/\/api.w.org\/{rel}","templated":true}]}}

Editais de Doação

<div data-elementor-type="wp-page" data-elementor-id="2281" class="elementor elementor-2281" data-elementor-post-type="page">
						<section class="elementor-section elementor-top-section elementor-element elementor-element-cb6ad53 elementor-section-full_width elementor-section-height-default elementor-section-height-default" data-id="cb6ad53" data-element_type="section">
						<div class="elementor-container elementor-column-gap-no">
					<div class="elementor-column elementor-col-100 elementor-top-column elementor-element elementor-element-27150fc" data-id="27150fc" data-element_type="column">
			<div class="elementor-widget-wrap elementor-element-populated">
						<div class="elementor-element elementor-element-3b3cda0 elementor-widget elementor-widget-spacer" data-id="3b3cda0" data-element_type="widget" data-widget_type="spacer.default">
				<div class="elementor-widget-container">
							<div class="elementor-spacer">
			<div class="elementor-spacer-inner"></div>
		</div>
						</div>
				</div>
				<div class="elementor-element elementor-element-5e3fcee elementor-grid-1 elementor-posts--thumbnail-none elementor-grid-tablet-2 elementor-grid-mobile-1 elementor-card-shadow-yes elementor-posts__hover-gradient elementor-widget elementor-widget-posts" data-id="5e3fcee" data-element_type="widget" data-settings="{&quot;cards_columns&quot;:&quot;1&quot;,&quot;pagination_type&quot;:&quot;numbers&quot;,&quot;cards_columns_tablet&quot;:&quot;2&quot;,&quot;cards_columns_mobile&quot;:&quot;1&quot;,&quot;cards_row_gap&quot;:{&quot;unit&quot;:&quot;px&quot;,&quot;size&quot;:35,&quot;sizes&quot;:[]},&quot;cards_row_gap_tablet&quot;:{&quot;unit&quot;:&quot;px&quot;,&quot;size&quot;:&quot;&quot;,&quot;sizes&quot;:[]},&quot;cards_row_gap_mobile&quot;:{&quot;unit&quot;:&quot;px&quot;,&quot;size&quot;:&quot;&quot;,&quot;sizes&quot;:[]}}" data-widget_type="posts.cards">
				<div class="elementor-widget-container">
							<div class="elementor-posts-container elementor-posts elementor-posts--skin-cards elementor-grid" role="list">
				<article class="elementor-post elementor-grid-item post-9295 post type-post status-publish format-standard hentry category-editais-de-doacoes entry" role="listitem">
			<div class="elementor-post__card">
				<div class="elementor-post__text">
				<h2 class="elementor-post__title">
			<a href="https://www.rr.senac.br/portalsenac/edital-de-doacao-de-bens-n-001-2026/" >
				Edital de doação de bens N° 001/2026			</a>
		</h2>
				<div class="elementor-post__excerpt">
			<p>O SERVIÇO NACIONAL DE APRENDIZAGEM COMERCIAL – Constitui objeto do presente Edital, a doação de bens patrimoniais classificados como inservíveis e/ou antieconômico, conforme relação constante no ANEXO IV, organizados em lotes, conforme código de contabilidade e orçamento (CODECO, 2025).. Poderão participar do certame, quaisquer entidades</p>
		</div>
		
		<a class="elementor-post__read-more" href="https://www.rr.senac.br/portalsenac/edital-de-doacao-de-bens-n-001-2026/" aria-label="Leia mais sobre Edital de doação de bens N° 001/2026" tabindex="-1" >
			Leias mais...		</a>

				</div>
				<div class="elementor-post__meta-data">
					<span class="elementor-post-date">
			14 de abril de 2026		</span>
				</div>
					</div>
		</article>
				<article class="elementor-post elementor-grid-item post-7893 post type-post status-publish format-standard hentry category-editais-de-doacoes entry" role="listitem">
			<div class="elementor-post__card">
				<div class="elementor-post__text">
				<h2 class="elementor-post__title">
			<a href="https://www.rr.senac.br/portalsenac/edital-de-doacao-de-bens-n-001-2024/" >
				Edital de doação de bens N° 001/2024			</a>
		</h2>
				<div class="elementor-post__excerpt">
			<p>O SERVIÇO NACIONAL DE APRENDIZAGEM COMERCIAL – Objeto deste Edital, a DOAÇÃO DE BENS INSERVÍVEIS, conforme descrito no Anexo IV. Poderão participar do certame, quaisquer entidades sem fins lucrativos, organizações governamentais e não-governamentais, entidades filantrópicas ou de assistência social, e que atendam às condições estabelecidas</p>
		</div>
		
		<a class="elementor-post__read-more" href="https://www.rr.senac.br/portalsenac/edital-de-doacao-de-bens-n-001-2024/" aria-label="Leia mais sobre Edital de doação de bens N° 001/2024" tabindex="-1" >
			Leias mais...		</a>

				</div>
				<div class="elementor-post__meta-data">
					<span class="elementor-post-date">
			14 de novembro de 2024		</span>
				</div>
					</div>
		</article>
				<article class="elementor-post elementor-grid-item post-6312 post type-post status-publish format-standard hentry category-editais-de-doacoes entry" role="listitem">
			<div class="elementor-post__card">
				<div class="elementor-post__text">
				<h2 class="elementor-post__title">
			<a href="https://www.rr.senac.br/portalsenac/edital-de-doacao-de-bens-n-001-2023/" >
				Edital de doação de bens N° 001/2023			</a>
		</h2>
				<div class="elementor-post__excerpt">
			<p>O SERVIÇO NACIONAL DE APRENDIZAGEM COMERCIAL – Objeto deste Edital, a DOAÇÃO DE BENS INSERVÍVEIS, conforme descrito no Anexo IV. Poderão participar do certame, quaisquer entidades sem fins lucrativos, organizações governamentais e não-governamentais, entidades filantrópicas ou de assistência social, e que atendam às condições estabelecidas</p>
		</div>
		
		<a class="elementor-post__read-more" href="https://www.rr.senac.br/portalsenac/edital-de-doacao-de-bens-n-001-2023/" aria-label="Leia mais sobre Edital de doação de bens N° 001/2023" tabindex="-1" >
			Leias mais...		</a>

				</div>
				<div class="elementor-post__meta-data">
					<span class="elementor-post-date">
			3 de outubro de 2023		</span>
				</div>
					</div>
		</article>
				<article class="elementor-post elementor-grid-item post-4348 post type-post status-publish format-standard hentry category-editais-de-doacoes entry" role="listitem">
			<div class="elementor-post__card">
				<div class="elementor-post__text">
				<h2 class="elementor-post__title">
			<a href="https://www.rr.senac.br/portalsenac/edital-de-doacao-de-bens-n-005-2022/" >
				Edital de doação de bens N° 005/2022			</a>
		</h2>
				<div class="elementor-post__excerpt">
			<p>O SERVIÇO NACIONAL DE APRENDIZAGEM COMERCIAL – Objeto deste Edital, a DOAÇÃO DE BENS INSERVÍVEIS, conforme descrito no Anexo IV. Poderão participar do certame, quaisquer entidades sem fins lucrativos, organizações governamentais e não-governamentais, entidades filantrópicas ou de assistência social, e que atendam às condições estabelecidas</p>
		</div>
		
		<a class="elementor-post__read-more" href="https://www.rr.senac.br/portalsenac/edital-de-doacao-de-bens-n-005-2022/" aria-label="Leia mais sobre Edital de doação de bens N° 005/2022" tabindex="-1" >
			Leias mais...		</a>

				</div>
				<div class="elementor-post__meta-data">
					<span class="elementor-post-date">
			18 de novembro de 2022		</span>
				</div>
					</div>
		</article>
				<article class="elementor-post elementor-grid-item post-2300 post type-post status-publish format-standard hentry category-editais-de-doacoes entry" role="listitem">
			<div class="elementor-post__card">
				<div class="elementor-post__text">
				<h2 class="elementor-post__title">
			<a href="https://www.rr.senac.br/portalsenac/edital-de-doacao-de-bens-n-012-2021/" >
				Edital de doação de bens N° 012/2021			</a>
		</h2>
				<div class="elementor-post__excerpt">
			<p>O SERVIÇO NACIONAL DE APRENDIZAGEM COMERCIAL – Objeto deste Edital, a DOAÇÃO DE BENS INSERVÍVEIS, conforme descrito no Anexo IV. Poderão participar do certame, quaisquer entidades sem fins lucrativos, organizações governamentais e não-governamentais, entidades filantrópicas ou de assistência social, e que atendam às condições estabelecidas</p>
		</div>
		
		<a class="elementor-post__read-more" href="https://www.rr.senac.br/portalsenac/edital-de-doacao-de-bens-n-012-2021/" aria-label="Leia mais sobre Edital de doação de bens N° 012/2021" tabindex="-1" >
			Leias mais...		</a>

				</div>
				<div class="elementor-post__meta-data">
					<span class="elementor-post-date">
			1 de dezembro de 2021		</span>
				</div>
					</div>
		</article>
				<article class="elementor-post elementor-grid-item post-2285 post type-post status-publish format-standard hentry category-editais-de-doacoes entry" role="listitem">
			<div class="elementor-post__card">
				<div class="elementor-post__text">
				<h2 class="elementor-post__title">
			<a href="https://www.rr.senac.br/portalsenac/edital-de-doacao-de-bens-n-007-2021/" >
				Edital de doação de bens N° 007/2021			</a>
		</h2>
				<div class="elementor-post__excerpt">
			<p>O SERVIÇO NACIONAL DE APRENDIZAGEM COMERCIAL – Objeto deste Edital, a DOAÇÃO DE BENS INSERVÍVEIS, conforme descrito no Anexo IV. Poderão participar do certame, quaisquer entidades sem fins lucrativos, organizações governamentais e não-governamentais, entidades filantrópicas ou de assistência social, e que atendam às condições estabelecidas</p>
		</div>
		
		<a class="elementor-post__read-more" href="https://www.rr.senac.br/portalsenac/edital-de-doacao-de-bens-n-007-2021/" aria-label="Leia mais sobre Edital de doação de bens N° 007/2021" tabindex="-1" >
			Leias mais...		</a>

				</div>
				<div class="elementor-post__meta-data">
					<span class="elementor-post-date">
			1 de dezembro de 2021		</span>
				</div>
					</div>
		</article>
				</div>
		
						</div>
				</div>
					</div>
		</div>
					</div>
		</section>
				</div>
