{"id":25,"date":"2021-02-24T10:32:11","date_gmt":"2021-02-24T13:32:11","guid":{"rendered":"http:\/\/rr.senac.local\/?page_id=25"},"modified":"2024-06-06T17:51:56","modified_gmt":"2024-06-06T21:51:56","slug":"institucional","status":"publish","type":"page","link":"https:\/\/www.rr.senac.br\/portalsenac\/institucional\/","title":{"rendered":"Institucional"},"content":{"rendered":"\n<p><strong>O Senac RR<\/strong><\/p>\n\n\n\n<p>&#8220;A Educa\u00e7\u00e3o \u00e9 a \u00fanica forma de transformarmos a nossa sociedade&#8221;. Foi com este pensamento que o empres\u00e1rio Antonio Airton Oliveira Dias trouxe o Sistema Fecom\u00e9rcio\/Sesc\/Senac\/IFPD para Roraima.<\/p>\n\n\n\n<div style=\"height:4px\" aria-hidden=\"true\" class=\"wp-block-spacer\"><\/div>\n\n\n\n<p>Empreendedor nas \u00e1reas de capacita\u00e7\u00e3o profissional, educa\u00e7\u00e3o, cultura, esporte, lazer e sa\u00fade, ele implementou a Federa\u00e7\u00e3o do Com\u00e9rcio em abril de 1991, para fomentar o setor de Com\u00e9rcio de Bens, Servi\u00e7os e Turismo.<\/p>\n\n\n\n<div style=\"height:4px\" aria-hidden=\"true\" class=\"wp-block-spacer\"><\/div>\n\n\n\n<p>Assim, o<strong>\u00a0Servi\u00e7o Nacional de Aprendizagem (Senac) foi fundado em Roraima, em janeiro de 1999<\/strong>. No in\u00edcio, a sua localiza\u00e7\u00e3o era em um pr\u00e9dio alugado na avenida Brigadeiro Eduardo Gomes, contando apenas com um sal\u00e3o de beleza-escola, uma cozinha pedag\u00f3gica, um laborat\u00f3rio de gar\u00e7om, um laborat\u00f3rio de sa\u00fade, dois laborat\u00f3rios de inform\u00e1tica e tr\u00eas salas de aula comuns. A capacidade de atendimento di\u00e1ria era de 525 pessoas.<\/p>\n\n\n\n<div style=\"height:4px\" aria-hidden=\"true\" class=\"wp-block-spacer\"><\/div>\n\n\n\n<p>Logo a institui\u00e7\u00e3o cresceu: em 2004, a atual sede na avenida Major Williams foi inaugurada, sob o nome de\u00a0<strong>Centro de Educa\u00e7\u00e3o Profissional Ministro Ernane Galv\u00eaas<\/strong>.<\/p>\n\n\n\n<div style=\"height:4px\" aria-hidden=\"true\" class=\"wp-block-spacer\"><\/div>\n\n\n\n<p>O pr\u00e9dio, moderno e amplo, recebeu uma demanda t\u00e3o grande que necessitou da abertura de outra unidade: em abril de 2010, o\u00a0<strong>Centro de Educa\u00e7\u00e3o Profissional Bernardo Cabral<\/strong>\u00a0iniciou as atividades. Localizado estrategicamente no bairro Asa Branca, ele atende \u00e0 popula\u00e7\u00e3o da zona oeste de Boa Vista, a maior da capital.<\/p>\n\n\n\n<div style=\"height:4px\" aria-hidden=\"true\" class=\"wp-block-spacer\"><\/div>\n\n\n\n<p>Em 2013, apenas tr\u00eas anos depois, nasceu o\u00a0<strong>Centro de Idiomas Paulo do Vale Pereira Filho<\/strong>, um dos melhores da categoria no Estado, gra\u00e7as \u00e0 sua metodologia de imers\u00e3o, com boa parte de seus professores nativos. A escola \u00e9 tamb\u00e9m a \u00fanica da regi\u00e3o Norte com uma Esquina Americana, com t\u00edtulos atualizados cedidos pela Embaixada daquele pa\u00eds, al\u00e9m de aconselhamento educacional sobre como estudar nos Estados Unidos.<\/p>\n\n\n\n<div style=\"height:4px\" aria-hidden=\"true\" class=\"wp-block-spacer\"><\/div>\n\n\n\n<p>Em 2014, foi a vez do Senac chegar ao interior de Roraima, atualmente com quatro unidades fixas.<\/p>\n\n\n\n<div style=\"height:4px\" aria-hidden=\"true\" class=\"wp-block-spacer\"><\/div>\n\n\n\n<p>Airton Dias faleceu em 2016, ap\u00f3s 25 anos de muito trabalho no Sistema Fecom\u00e9rcio. Ademir dos Santos, que j\u00e1 exercia a presid\u00eancia da Federa\u00e7\u00e3o desde o in\u00edcio daquele ano, seguiu o sonho de contribuir para que o setor de Com\u00e9rcio local se desenvolvesse, por meio de cursos profissionalizantes e inser\u00e7\u00e3o no mercado.<\/p>\n\n\n\n<div style=\"height:4px\" aria-hidden=\"true\" class=\"wp-block-spacer\"><\/div>\n\n\n\n<p>Ademir foi tesoureiro durante 16 anos na Federa\u00e7\u00e3o e vice-presidente do Sistema. No Senac, foi conselheiro com forte participa\u00e7\u00e3o nas delibera\u00e7\u00f5es. \u00c0 frente da Fecom\u00e9rcio, ele traz as suas viv\u00eancias como empres\u00e1rio atuante e sua vis\u00e3o moderna do varejo local.<\/p>\n\n\n\n<div style=\"height:4px\" aria-hidden=\"true\" class=\"wp-block-spacer\"><\/div>\n\n\n\n<p>Hoje, o Senac tem mais de 180 cursos em Aprendizagem, Forma\u00e7\u00e3o Inicial e Continuada (cursos livres, de curta dura\u00e7\u00e3o), Educa\u00e7\u00e3o Profissional T\u00e9cnica de N\u00edvel M\u00e9dio, Educa\u00e7\u00e3o Superior, Idiomas, todos ensinados presencialmente ou \u00e0 dist\u00e2ncia, em plataforma pr\u00f3pria.<\/p>\n\n\n\n<div style=\"height:4px\" aria-hidden=\"true\" class=\"wp-block-spacer\"><\/div>\n\n\n\n<p>Para as pessoas com baixa renda, \u00e9 poss\u00edvel estudar por meio do Programa Senac de Gratuidade e do Programa Nacional de Acesso ao Ensino T\u00e9cnico e Emprego (Pronatec).<\/p>\n\n\n\n<div style=\"height:4px\" aria-hidden=\"true\" class=\"wp-block-spacer\"><\/div>\n\n\n\n<p>O Senac possui ainda centros de sa\u00fade e beleza com atendimentos dispon\u00edveis \u00e0 popula\u00e7\u00e3o, bem como programa\u00e7\u00f5es sociais, e Projetos Integradores de conclus\u00e3o de curso, que promovem a solidariedade e o bem-estar das comunidades do Estado. Seus processos seletivos para contrata\u00e7\u00e3o de funcion\u00e1rios s\u00e3o transparentes e com grande n\u00famero de inscri\u00e7\u00f5es.<\/p>\n\n\n\n<div style=\"height:4px\" aria-hidden=\"true\" class=\"wp-block-spacer\"><\/div>\n\n\n\n<p>Com o Senac Varejo, \u00e9 a vez dos empres\u00e1rios terem cursos e palestras voltados \u00e0s tend\u00eancias do mercado, com a orienta\u00e7\u00e3o de profissionais renomados e atualizados.<\/p>\n\n\n\n<div style=\"height:4px\" aria-hidden=\"true\" class=\"wp-block-spacer\"><\/div>\n\n\n\n<p>O Banco de Oportunidades auxilia os contratantes a captar talentos, integrando ex-alunos ao emprego dos sonhos. O Programa de Aprendizagem Comercial, direcionado a jovens de 14 a 24 anos sem experi\u00eancia, qualifica-os tanto com as melhores t\u00e9cnicas quanto com os valores pessoais essenciais para uma trajet\u00f3ria promissora e equilibrada.<\/p>\n\n\n\n<div style=\"height:4px\" aria-hidden=\"true\" class=\"wp-block-spacer\"><\/div>\n\n\n\n<p>Muitos ex-alunos j\u00e1 est\u00e3o contratados, ou montaram seus pr\u00f3prios empreendimentos a partir das li\u00e7\u00f5es do Senac.<\/p>\n\n\n\n<div style=\"height:4px\" aria-hidden=\"true\" class=\"wp-block-spacer\"><\/div>\n\n\n\n<p>Todo este sucesso foi fruto da perseveran\u00e7a, do esp\u00edrito empreendedor e tamb\u00e9m da compet\u00eancia e da uni\u00e3o de toda uma equipe. Convivendo em um ambiente agrad\u00e1vel, a equipe diariamente tem o compromisso com a educa\u00e7\u00e3o para o desenvolvimento pessoal e profissional de milhares de jovens e adultos, sendo uma grande satisfa\u00e7\u00e3o acompanhar o sucesso de quem come\u00e7a a carreira nas suas salas de aula.<\/p>\n\n\n\n<div style=\"height:4px\" aria-hidden=\"true\" class=\"wp-block-spacer\"><\/div>\n\n\n\n<p>Nossas Unidades:&nbsp;<\/p>\n\n\n\n<p><strong>Capital:<\/strong><\/p>\n\n\n\n<ul class=\"wp-block-list\">\n<li>Centro de Educa\u00e7\u00e3o Profissional Ministro Ernane Galv\u00eaas, que disp\u00f5e de um Centro Pedag\u00f3gico de Sa\u00fade;<\/li>\n\n\n\n<li>Centro de Educa\u00e7\u00e3o Profissional Ministro Bernardo Cabral;<\/li>\n\n\n\n<li>Centro de Idiomas Paulo do Vale Pereira Filho;<\/li>\n<\/ul>\n\n\n\n<div style=\"height:4px\" aria-hidden=\"true\" class=\"wp-block-spacer\"><\/div>\n\n\n\n<p><strong>Interior do Estado:<\/strong><\/p>\n\n\n\n<ul class=\"wp-block-list\">\n<li>Unidade Educacional de Campo  Sesc\/Senac &#8211; Rorain\u00f3polis\/RR;<\/li>\n\n\n\n<li>Unidade Educacional de Campo  Sesc\/Senac &#8211; Iracema\/RR;<\/li>\n\n\n\n<li>Unidade Educacional de Campo  Sesc\/Senac &#8211; S\u00e3o Jo\u00e3o da Baliza\/RR;<\/li>\n\n\n\n<li>Unidade Senac Norm\u00e9lia Mafra &#8211; S\u00e3o Luiz\/RR.<\/li>\n<\/ul>\n","protected":false},"excerpt":{"rendered":"<p>O Senac RR &#8220;A Educa\u00e7\u00e3o \u00e9 a \u00fanica forma de transformarmos a nossa sociedade&#8221;. Foi com este pensamento que o empres\u00e1rio Antonio Airton Oliveira Dias trouxe o Sistema Fecom\u00e9rcio\/Sesc\/Senac\/IFPD para Roraima. Empreendedor nas \u00e1reas de capacita\u00e7\u00e3o profissional, educa\u00e7\u00e3o, cultura, esporte, lazer e sa\u00fade, ele implementou&hellip; <a class=\"more-link\" href=\"https:\/\/www.rr.senac.br\/portalsenac\/institucional\/\">Continuar lendo <span class=\"screen-reader-text\">Institucional<\/span><\/a><\/p>\n","protected":false},"author":1,"featured_media":0,"parent":0,"menu_order":0,"comment_status":"closed","ping_status":"closed","template":"","meta":{"_joinchat":[],"footnotes":""},"class_list":["post-25","page","type-page","status-publish","hentry","entry"],"jetpack_sharing_enabled":true,"_links":{"self":[{"href":"https:\/\/www.rr.senac.br\/portalsenac\/wp-json\/wp\/v2\/pages\/25","targetHints":{"allow":["GET"]}}],"collection":[{"href":"https:\/\/www.rr.senac.br\/portalsenac\/wp-json\/wp\/v2\/pages"}],"about":[{"href":"https:\/\/www.rr.senac.br\/portalsenac\/wp-json\/wp\/v2\/types\/page"}],"author":[{"embeddable":true,"href":"https:\/\/www.rr.senac.br\/portalsenac\/wp-json\/wp\/v2\/users\/1"}],"replies":[{"embeddable":true,"href":"https:\/\/www.rr.senac.br\/portalsenac\/wp-json\/wp\/v2\/comments?post=25"}],"version-history":[{"count":1,"href":"https:\/\/www.rr.senac.br\/portalsenac\/wp-json\/wp\/v2\/pages\/25\/revisions"}],"predecessor-version":[{"id":7383,"href":"https:\/\/www.rr.senac.br\/portalsenac\/wp-json\/wp\/v2\/pages\/25\/revisions\/7383"}],"wp:attachment":[{"href":"https:\/\/www.rr.senac.br\/portalsenac\/wp-json\/wp\/v2\/media?parent=25"}],"curies":[{"name":"wp","href":"https:\/\/api.w.org\/{rel}","templated":true}]}}

<p><strong>O Senac RR</strong></p>



<p>&#8220;A Educação é a única forma de transformarmos a nossa sociedade&#8221;. Foi com este pensamento que o empresário Antonio Airton Oliveira Dias trouxe o Sistema Fecomércio/Sesc/Senac/IFPD para Roraima.</p>



<div style="height:4px" aria-hidden="true" class="wp-block-spacer"></div>



<p>Empreendedor nas áreas de capacitação profissional, educação, cultura, esporte, lazer e saúde, ele implementou a Federação do Comércio em abril de 1991, para fomentar o setor de Comércio de Bens, Serviços e Turismo.</p>



<div style="height:4px" aria-hidden="true" class="wp-block-spacer"></div>



<p>Assim, o<strong> Serviço Nacional de Aprendizagem (Senac) foi fundado em Roraima, em janeiro de 1999</strong>. No início, a sua localização era em um prédio alugado na avenida Brigadeiro Eduardo Gomes, contando apenas com um salão de beleza-escola, uma cozinha pedagógica, um laboratório de garçom, um laboratório de saúde, dois laboratórios de informática e três salas de aula comuns. A capacidade de atendimento diária era de 525 pessoas.</p>



<div style="height:4px" aria-hidden="true" class="wp-block-spacer"></div>



<p>Logo a instituição cresceu: em 2004, a atual sede na avenida Major Williams foi inaugurada, sob o nome de <strong>Centro de Educação Profissional Ministro Ernane Galvêas</strong>.</p>



<div style="height:4px" aria-hidden="true" class="wp-block-spacer"></div>



<p>O prédio, moderno e amplo, recebeu uma demanda tão grande que necessitou da abertura de outra unidade: em abril de 2010, o <strong>Centro de Educação Profissional Bernardo Cabral</strong> iniciou as atividades. Localizado estrategicamente no bairro Asa Branca, ele atende à população da zona oeste de Boa Vista, a maior da capital.</p>



<div style="height:4px" aria-hidden="true" class="wp-block-spacer"></div>



<p>Em 2013, apenas três anos depois, nasceu o <strong>Centro de Idiomas Paulo do Vale Pereira Filho</strong>, um dos melhores da categoria no Estado, graças à sua metodologia de imersão, com boa parte de seus professores nativos. A escola é também a única da região Norte com uma Esquina Americana, com títulos atualizados cedidos pela Embaixada daquele país, além de aconselhamento educacional sobre como estudar nos Estados Unidos.</p>



<div style="height:4px" aria-hidden="true" class="wp-block-spacer"></div>



<p>Em 2014, foi a vez do Senac chegar ao interior de Roraima, atualmente com quatro unidades fixas.</p>



<div style="height:4px" aria-hidden="true" class="wp-block-spacer"></div>



<p>Airton Dias faleceu em 2016, após 25 anos de muito trabalho no Sistema Fecomércio. Ademir dos Santos, que já exercia a presidência da Federação desde o início daquele ano, seguiu o sonho de contribuir para que o setor de Comércio local se desenvolvesse, por meio de cursos profissionalizantes e inserção no mercado.</p>



<div style="height:4px" aria-hidden="true" class="wp-block-spacer"></div>



<p>Ademir foi tesoureiro durante 16 anos na Federação e vice-presidente do Sistema. No Senac, foi conselheiro com forte participação nas deliberações. À frente da Fecomércio, ele traz as suas vivências como empresário atuante e sua visão moderna do varejo local.</p>



<div style="height:4px" aria-hidden="true" class="wp-block-spacer"></div>



<p>Hoje, o Senac tem mais de 180 cursos em Aprendizagem, Formação Inicial e Continuada (cursos livres, de curta duração), Educação Profissional Técnica de Nível Médio, Educação Superior, Idiomas, todos ensinados presencialmente ou à distância, em plataforma própria.</p>



<div style="height:4px" aria-hidden="true" class="wp-block-spacer"></div>



<p>Para as pessoas com baixa renda, é possível estudar por meio do Programa Senac de Gratuidade e do Programa Nacional de Acesso ao Ensino Técnico e Emprego (Pronatec).</p>



<div style="height:4px" aria-hidden="true" class="wp-block-spacer"></div>



<p>O Senac possui ainda centros de saúde e beleza com atendimentos disponíveis à população, bem como programações sociais, e Projetos Integradores de conclusão de curso, que promovem a solidariedade e o bem-estar das comunidades do Estado. Seus processos seletivos para contratação de funcionários são transparentes e com grande número de inscrições.</p>



<div style="height:4px" aria-hidden="true" class="wp-block-spacer"></div>



<p>Com o Senac Varejo, é a vez dos empresários terem cursos e palestras voltados às tendências do mercado, com a orientação de profissionais renomados e atualizados.</p>



<div style="height:4px" aria-hidden="true" class="wp-block-spacer"></div>



<p>O Banco de Oportunidades auxilia os contratantes a captar talentos, integrando ex-alunos ao emprego dos sonhos. O Programa de Aprendizagem Comercial, direcionado a jovens de 14 a 24 anos sem experiência, qualifica-os tanto com as melhores técnicas quanto com os valores pessoais essenciais para uma trajetória promissora e equilibrada.</p>



<div style="height:4px" aria-hidden="true" class="wp-block-spacer"></div>



<p>Muitos ex-alunos já estão contratados, ou montaram seus próprios empreendimentos a partir das lições do Senac.</p>



<div style="height:4px" aria-hidden="true" class="wp-block-spacer"></div>



<p>Todo este sucesso foi fruto da perseverança, do espírito empreendedor e também da competência e da união de toda uma equipe. Convivendo em um ambiente agradável, a equipe diariamente tem o compromisso com a educação para o desenvolvimento pessoal e profissional de milhares de jovens e adultos, sendo uma grande satisfação acompanhar o sucesso de quem começa a carreira nas suas salas de aula.</p>



<div style="height:4px" aria-hidden="true" class="wp-block-spacer"></div>



<p>Nossas Unidades:&nbsp;</p>



<p><strong>Capital:</strong></p>



<ul class="wp-block-list">
<li>Centro de Educação Profissional Ministro Ernane Galvêas, que dispõe de um Centro Pedagógico de Saúde;</li>



<li>Centro de Educação Profissional Ministro Bernardo Cabral;</li>



<li>Centro de Idiomas Paulo do Vale Pereira Filho;</li>
</ul>



<div style="height:4px" aria-hidden="true" class="wp-block-spacer"></div>



<p><strong>Interior do Estado:</strong></p>



<ul class="wp-block-list">
<li>Unidade Educacional de Campo  Sesc/Senac &#8211; Rorainópolis/RR;</li>



<li>Unidade Educacional de Campo  Sesc/Senac &#8211; Iracema/RR;</li>



<li>Unidade Educacional de Campo  Sesc/Senac &#8211; São João da Baliza/RR;</li>



<li>Unidade Senac Normélia Mafra &#8211; São Luiz/RR.</li>
</ul>

<p>O Senac RR &#8220;A Educação é a única forma de transformarmos a nossa sociedade&#8221;. Foi com este pensamento que o empresário Antonio Airton Oliveira Dias trouxe o Sistema Fecomércio/Sesc/Senac/IFPD para Roraima. Empreendedor nas áreas de capacitação profissional, educação, cultura, esporte, lazer e saúde, ele implementou&hellip; <a class="more-link" href="https://www.rr.senac.br/portalsenac/institucional/">Continuar lendo <span class="screen-reader-text">Institucional</span></a></p>
